1
-a
What is 85 (base 10) in base 7?
151
Convert -18 (base 12) to base 8.
-24
0 (base 6) to base 4
0
What is 46 (base 15) in base 9?
73
Convert -35 (base 9) to base 5.
-112
What is 344 (base 5) in base 9?
120
-21 (base 11) to base 12
-1b
Convert 1 (base 4) to base 15.
1
Convert -110 (base 2) to base 9.
-6
What is 4 (base 16) in base 11?
4
What is 2 (base 3) in base 10?
2
What is -10 (base 3) in base 10?
-3
Convert 33 (base 11) to base 14.
28
74 (base 12) to base 16
58
-3 (base 5) to base 16
-3
What is 2 (base 8) in base 13?
2
-53 (base 16) to base 3
-10002
Convert d6 (base 14) to base 13.
116
Convert -101210 (base 3) to base 8.
-443
What is -11 (base 6) in base 10?
-7
What is -12 (base 5) in base 13?
-7
What is -367 (base 8) in base 11?
-205
Convert 0 (base 10) to base 13.
0
Convert 3 (base 6) to base 11.
3
Convert 6 (base 16) to base 9.
6
-20 (base 9) to base 6
-30
Convert 220 (base 5) to base 16.
3c
-34 (base 5) to base 3
-201
-453 (base 7) to base 4
-3222
What is -11 (base 11) in base 13?
-c
Convert -20 (base 5) to base 7.
-13
What is 110 (base 9) in base 13?
6c
Convert 4 (base 11) to base 10.
4
What is -20 (base 14) in base 4?
-130
Convert -502 (base 6) to base 16.
-b6
Convert 10101 (base 3) to base 6.
231
Convert -23 (base 12) to base 14.
-1d
-12 (base 16) to base 4
-102
Convert 5f (base 16) to base 2.
1011111
What is -2 (base 13) in base 4?
-2
Convert -642 (base 8) to base 15.
-1cd
What is 1 (base 13) in base 6?
1
-1a2 (base 11) to base 12
-175
What is 3 (base 6) in base 9?
3
Convert -b (base 14) to base 9.
-12
What is 323 (base 7) in base 4?
2210
-13 (base 13) to base 9
-17
Convert -2 (base 16) to base 14.
-2
What is -a (base 14) in base 12?
-a
What is 0 (base 2) in base 10?
0
What is -1d (base 14) in base 11?
-25
What is 7 (base 12) in base 7?
10
3 (base 10) to base 16
3
What is -110 (base 3) in base 5?
-22
Convert 1 (base 9) to base 6.
1
Convert -321 (base 4) to base 3.
-2010
What is -6 (base 12) in base 7?
-6
-a (base 12) to base 7
-13
-10a (base 13) to base 16
-b3
What is -1a (base 15) in base 3?
-221
What is -1110 (base 2) in base 11?
-13
Convert -1 (base 12) to base 10.
-1
Convert 2 (base 16) to base 2.
10
What is -6 (base 9) in base 11?
-6
a (base 11) to base 9
11
20 (base 4) to base 11
8
1 (base 15) to base 16
1
Convert -12 (base 6) to base 14.
-8
What is 44 (base 8) in base 11?
33
What is 7e (base 16) in base 10?
126
Convert 9 (base 14) to base 3.
100
What is -2c (base 16) in base 10?
-44
Convert -3 (base 5) to base 7.
-3
-4 (base 13) to base 16
-4
-1001001 (base 2) to base 5
-243
11000010 (base 2) to base 11
167
331 (base 9) to base 10
271
122 (base 5) to base 13
2b
Convert -5 (base 12) to base 11.
-5
What is 6 (base 11) in base 13?
6
-6 (base 15) to base 11
-6
What is 14 (base 6) in base 8?
12
What is -11 (base 3) in base 8?
-4
What is -2 (base 4) in base 3?
-2
What is -d (base 16) in base 6?
-21
What is 10 (base 3) in base 6?
3
1001 (base 2) to base 13
9
-21 (base 4) to base 5
-14
What is 1 (base 3) in base 6?
1
Convert -6 (base 15) to base 3.
-20
What is -11 (base 2) in base 7?
-3
Convert -5 (base 8) to base 5.
-10
What is -23 (base 7) in base 5?
-32
Convert -3 (base 8) to base 9.
-3
What is 1 (base 6) in base 4?
1
Convert 1 (base 8) to base 10.
1
-4 (base 12) to base 14
-4
What is 9 (base 11) in base 12?
9
Convert 20 (base 3) to base 16.
6
What is -13 (base 12) in base 11?
-14
Convert 220 (base 3) to base 8.
30
2a (base 12) to base 6
54
What is 2044 (base 5) in base 10?
274
148 (base 12) to base 15
d5
What is -3 (base 8) in base 15?
-3
205 (base 10) to base 14
109
Convert 31 (base 12) to base 6.
101
-d6 (base 16) to base 14
-114
What is -12 (base 10) in base 14?
-c
1 (base 10) to base 9
1
Convert 21 (base 15) to base 7.
43
-7 (base 14) to base 7
-10
-1011 (base 2) to base 8
-13
5 (base 14) to base 12
5
What is -8 (base 10) in base 12?
-8
17 (base 10) to base 16
11
2 (base 4) to base 10
2
What is 2 (base 10) in base 6?
2
What is 15 (base 8) in base 13?
10
What is -3 (base 13) in base 4?
-3
Convert -13 (base 11) to base 6.
-22
What is -250 (base 7) in base 14?
-97
Convert -1100 (base 3) to base 7.
-51
What is -c4 (base 14) in base 3?
-20101
Convert -109 (base 10) to base 16.
-6d
Convert -4 (base 15) to base 9.
-4
3 (base 16) to base 6
3
1 (base 4) to base 2
1
Convert 200 (base 8) to base 11.
107
What is 451 (base 8) in base 16?
129
-48 (base 10) to base 5
-143
What is -29 (base 13) in base 16?
-23
Convert -1000 (base 2) to base 4.
-20
What is -5 (base 6) in base 15?
-5
What is -1 (base 5) in base 2?
-1
230 (base 4) to base 11
40
What is 260 (base 10) in base 6?
1112
What is -12 (base 15) in base 11?
-16
What is 7 (base 13) in base 5?
12
Convert 1 (base 7) to base 14.
1
-11 (base 4) to base 7
-5
Convert 112 (base 3) to base 7.
20
What is 0 (base 6) in base 10?
0
Convert 101 (base 2) to base 10.
5
Convert -138 (base 12) to base 3.
-20222
11 (base 2) to base 16
3
Convert -87 (base 9) to base 10.
-79
-2 (base 6) to base 4
-2
30 (base 5) to base 7
21
343 (base 5) to base 8
142
Convert -2 (base 14) to base 3.
-2
0 (base 9) to base 16
0
Convert -11110 (base 2) to base 3.
-1010
-4 (base 11) to base 2
-100
What is 4 (base 7) in base 11?
4
Convert 4 (base 11) to base 2.
100
-232 (base 8) to base 6
-414
Convert 10 (base 2) to base 5.
2
4 (base 16) to base 14
4
Convert -221 (base 4) to base 7.
-56
Convert -103 (base 4) to base 5.
-34
-144 (base 7) to base 5
-311
Convert 6a (base 14) to base 7.
163
What is -20 (base 6) in base 14?
-c
1 (base 16) to base 11
1
What is -6 (base 14) in base 15?
-6
-15 (base 7) to base 2
-1100
1 (base 14) to base 12
1
9a (base 11) to base 13
85
What is 1 (base 3) in base 5?
1
What is -1 (base 7) in base 14?
-1
What is 4 (base 7) in base 13?
4
-15 (base 6) to base 7
-14
Convert -1 (base 8) to base 3.
-1
-85 (base 12) to base 3
-10202
What is 8 (base 13) in base 3?
22
Convert d (base 16) to base 4.
31
Convert 11 (base 2) to base 6.
3
Convert -168 (base 12) to base 10.
-224
What is 12 (base 12) in base 3?
112
13 (base 9) to base 8
14
What is 10 (base 7) in base 14?
7
1c (base 13) to base 10
25
Convert 8 (base 10) to base 14.
8
What is -eb (base 16) in base 9?
-281
Convert -40 (base 8) to base 7.
-44
2 (base 8) to base 9
2
Convert -2 (base 15) to base 9.
-2
26 (base 12) to base 3
1010
-204 (base 13) to base 9
-420
1 (base 14) to base 5
1
-130 (base 6) to base 9
-60
What is -10 (base 10) in base 7?
-13
14 (base 10) to base 7
20
-42 (base 10) to base 5
-132
What is -143 (base 7) in base 14?
-5a
Convert 1101011 (base 2) to base 6.
255
Convert 1a (base 13) to base 14.
19
What is 2c (base 16) in base 3?
1122
What is -4c (base 15) in base 8?
-110
What is 4 (base 12) in base 5?
4
Convert -25 (base 13) to base 6.
-51
-11101 (base 2) to base 10
-29
What is -354 (base 6) in base 15?
-97
12 (base 11) to base 2
1101
c (base 16) to base 6
20
Convert -2 (base 12) to base 14.
-2
Convert 40 (base 9) to base 10.
36
1 (base 15) to base 4
1
-207 (base 8) to base 13
-a5
Convert 9 (base 16) to base 15.
9
What is 100 (base 2) in base 7?
4
-1010010 (base 2) to base 15
-57
Convert 11001011 (base 2) to base 12.
14b
Convert b (base 16) to base 11.
10
What is 10 (base 3) in base 6?
3
Convert 3 (base 16) to base 12.
3
11 (base 10) to base 6
15
What is 2 (base 10) in base 16?
2
75 (base 15) to base 13
86
What is -101 (base 2) in base 7?
-5
Convert -76 (base 8) to base 13.
-4a
Convert -32 (base 8) to base 5.
-101
What is 10 (base 7) in base 10?
7
Convert 3 (base 14) to base 3.
10
What is -d (base 15) in base 14?
-d
Convert 41 (base 5) to base 15.
16
-a (base 16) to base 5
-20
13 (base 10) to base 2
1101
Convert -137 (base 10) to base 14.
-9b
Convert -5 (base 12) to base 11.
-5
What is 1 (base 12) in base 4?
1
31 (base 13) to base 16
28
What is 62 (base 16) in base 12?
82
-2300 (base 4) to base 15
-bb
Convert -1010 (base 2) to base 5.
-20
-6 (base 13) to base 14
-6
Convert 55 (base 16) to base 4.
1111
Convert 2 (base 13) to base 7.
2
What is 6b (base 14) in base 8?
137
Convert 4 (base 7) to base 6.
4
Convert 7 (base 15) to base 8.
7
-12 (base 4) to base 10
-6
354 (base 8) to base 6
1032
16 (base 13) to base 10
19
-60 (base 8) to base 13
-39
What is -124 (base 5) in base 4?
-213
Convert -1040 (base 6) to base 10.
-240
What is -22 (base 7) 